factors of 502266.
2, 3, 97, 863
List the prime factors of 12653869.
1009, 12541
List the prime factors of 9074465.
5, 113, 16061
List the prime factors of 14537454.
2, 3, 139, 17431
What are the prime factors of 3086767?
41, 79, 953
List the prime factors of 43172456.
2, 5396557
List the prime factors of 653150.
2, 5, 13063
What are the prime factors of 62939?
62939
What are the prime factors of 465532?
2, 181, 643
List the prime factors of 169636.
2, 42409
List the prime factors of 12856324.
2, 13, 457, 541
List the prime factors of 25196884.
2, 6299221
What are the prime factors of 469385?
5, 7, 13411
List the prime factors of 2706203.
23, 97, 1213
What are the prime factors of 319632?
2, 3, 6659
What are the prime factors of 10515239?
7, 131, 11467
What are the prime factors of 307742?
2, 153871
What are the prime factors of 3537699?
3, 11, 23, 59, 79
What are the prime factors of 1201468?
2, 300367
List the prime factors of 111990.
2, 3, 5, 3733
What are the prime factors of 17713?
17713
List the prime factors of 7762429.
7762429
List the prime factors of 205028.
2, 51257
List the prime factors of 755445.
3, 5, 50363
List the prime factors of 10168541.
10168541
What are the prime factors of 97758?
2, 3, 5431
What are the prime factors of 1375137?
3, 5659
List the prime factors of 5904292.
2, 1476073
What are the prime factors of 1076730?
2, 3, 5, 19, 1889
List the prime factors of 6992248.
2, 29, 30139
List the prime factors of 2004048.
2, 3, 4639
List the prime factors of 4442545.
5, 43, 20663
What are the prime factors of 3593037?
3, 7, 23, 43, 173
List the prime factors of 1110580.
2, 5, 55529
What are the prime factors of 12639459?
3, 7, 37, 16267
What are the prime factors of 1055564?
2, 17, 19, 43
List the prime factors of 817278.
2, 3, 7, 11, 29, 61
What are the prime factors of 223666?
2, 111833
What are the prime factors of 2037879?
3, 139, 181
What are the prime factors of 2900561?
223, 13007
What are the prime factors of 674462?
2, 19, 17749
List the prime factors of 7121673.
3, 13, 60869
List the prime factors of 1001752.
2, 125219
List the prime factors of 2254704.
2, 3, 107, 439
What are the prime factors of 14794?
2, 13, 569
List the prime factors of 25181.
13, 149
What are the prime factors of 1793000?
2, 5, 11, 163
What are the prime factors of 28470?
2, 3, 5, 13, 73
List the prime factors of 1510905.
3, 5, 11, 9157
What are the prime factors of 463535?
5, 92707
List the prime factors of 510920.
2, 5, 53, 241
List the prime factors of 139178.
2, 13, 53, 101
List the prime factors of 3130171.
11, 284561
List the prime factors of 6679292.
2, 23, 79, 919
List the prime factors of 8219915.
5, 11, 103, 1451
List the prime factors of 5011713.
3, 7, 8839
What are the prime factors of 165402?
2, 3, 1021
What are the prime factors of 409859?
61, 6719
What are the prime factors of 29011784?
2, 19, 31, 47, 131
List the prime factors of 7921915.
5, 17, 93199
List the prime factors of 386180.
2, 5, 19309
What are the prime factors of 1660346?
2, 830173
List the prime factors of 1256062.
2, 17, 36943
What are the prime factors of 30484484?
2, 41, 151, 1231
List the prime factors of 2229928.
2, 278741
List the prime factors of 868247.
97, 8951
What are the prime factors of 449380?
2, 5, 22469
What are the prime factors of 211218?
2, 3, 7, 47, 107
What are the prime factors of 28985?
5, 11, 17, 31
List the prime factors of 23867.
29, 823
List the prime factors of 160128.
2, 3, 139
What are the prime factors of 372667?
372667
List the prime factors of 677470.
2, 5, 37, 1831
What are the prime factors of 682636?
2, 157, 1087
What are the prime factors of 12711?
3, 19, 223
List the prime factors of 2039308.
2, 19, 26833
List the prime factors of 316348.
2, 79087
List the prime factors of 174548.
2, 11, 3967
What are the prime factors of 5429908?
2, 11, 123407
What are the prime factors of 5610221?
17, 523, 631
List the prime factors of 653804.
2, 79, 2069
List the prime factors of 12426869.
7, 13, 136559
What are the prime factors of 408480?
2, 3, 5, 23, 37
List the prime factors of 193823.
7, 27689
What are the prime factors of 260387?
260387
What are the prime factors of 983125?
5, 11, 13
What are the prime factors of 370716?
2, 3, 30893
What are the prime factors of 20448338?
2, 59, 173291
List the prime factors of 362895.
3, 5, 13, 1861
What are the prime factors of 568403?
11, 51673
What are the prime factors of 77704?
2, 11, 883
List the prime factors of 184779.
3, 7, 419
What are the prime factors of 624214?
2, 312107
List the prime factors of 12548.
2, 3137
What are the prime factors of 406704?
2, 3, 37, 229
What are the prime factors of 15836808?
2, 3, 13, 193, 263
List the prime factors of 19690283.
19690283
List the prime factors of 4267674.
2, 3, 79031
List the prime factors of 8577174.
2, 3, 1429529
What are the prime factors of 272694?
2, 3, 47, 967
List the prime factors of 136538.
2, 233, 293
List the prime factors of 171964.
2, 13, 3307
What are the prime factors of 8357657?
7, 11, 108541
List the prime factors of 908185.
5, 67, 2711
List the prime factors of 4122481.
11, 374771
What are the prime factors of 794245?
5, 158849
What are the prime factors of 1054990?
2, 5, 105499
List the prime factors of 7101382.
2, 3550691
What are the prime factors of 13119037?
53, 247529
What are the prime factors of 7916730?
2, 3, 5, 17, 19, 43
What are the prime factors of 12992847?
3, 7, 618707
List the prime factors of 6377493.
3, 2125831
List the prime factors of 1890910.
2, 5, 7, 17, 227
List the prime factors of 7247260.
2, 5, 362363
List the prime factors of 1077191.
1077191
List the prime factors of 3485061.
3, 593, 653
List the prime factors of 13491110.
2, 5, 23, 58657
What are the prime factors of 823812?
2, 3, 11, 79
What are the prime factors of 157989?
3, 13, 4051
What are the prime factors of 5062944?
2, 3, 23, 2293
What are the prime factors of 5660264?
2, 347, 2039
What are the prime factors of 70596?
2, 3, 37, 53
What are the prime factors of 19361453?
17, 31, 36739
What are the prime factors of 12894296?
2, 17, 94811
What are the prime factors of 363140?
2, 5, 67, 271
What are the prime factors of 8888256?
2, 3, 13, 1187
List the prime factors of 1167459.
3, 101, 3853
What are the prime factors of 456142?
2, 131, 1741
What are the prime factors of 1060642?
2, 11, 37, 1303
What are the prime factors of 601549?
13, 46273
What are the prime factors of 29213486?
2, 3251, 4493
List the prime factors of 86333.
13, 29, 229
What are the prime factors of 1997366?
2, 7, 23, 6203
What are the prime factors of 385861?
7, 199, 277
List the prime factors of 1173145.
5, 234629
List the prime factors of 933300.
2, 3, 5, 17, 61
What are the prime factors of 37872007?
23, 1646609
What are the prime factors of 3656953?
3656953
List the prime factors of 565036.
2, 29, 4871
List the prime factors of 1452022.
2, 11, 13, 5077
What are the prime factors of 3291630?
2, 3, 5, 109721
What are the prime factors of 461455?
5, 41, 2251
List the prime factors of 12133096.
2, 19, 79823
List the prime factors of 319981.
319981
What are the prime factors of 239826?
2, 3, 39971
List the prime factors of 1100029.
7, 167, 941
What are the prime factors of 201453?
3, 7, 53, 181
What are the prime factors of 7187068?
2, 7, 283, 907
What are the prime factors of 8333205?
3, 5, 347, 1601
What are the prime factors of 1868162?
2, 149, 6269
List the prime factors of 6184291.
19, 37, 463
What are the prime factors of 20680505?
5, 353, 11717
List the prime factors of 3874005.
3, 5, 19, 23, 197
What are the prime factors of 5372321?
5372321
List the prime factors of 433631.
11, 79, 499
What are the prime factors of 281648?
2, 29, 607
What are the prime factors of 459708?
2, 3, 29, 1321
What are the prime factors of 19167599?
11, 19, 91711
List the prime factors of 223779.
3, 97, 769
What are the prime factors of 39780842?
2, 227, 87623
What are the prime factors of 260846?
2, 130423
List the prime factors of 99904.
2, 7, 223
List the prime factors of 576902.
2, 59, 4889
What are the prime factors of 31361551?
13, 311, 7757
List the prime factors of 489462.
2, 3, 29, 97
What are the prime factors of 12008658?
2, 3, 337, 5939
List the prime factors of 474993.
3,